14*h + 190. What is u(14)?
-6
Let z(a) = 167*a - 340. What is z(2)?
-6
Let d(x) = -x**3 + 15*x**2 - 15*x + 9. Calculate d(14).
-5
Let c(i) = -3*i**2 + 20*i + 141. Determine c(11).
-2
Let a(o) = -o**2 - 3*o - 8. Give a(-3).
-8
Let o(x) = 5*x**3 - 3*x**2 + x + 3. What is o(-1)?
-6
Let s(w) = -w**3 + 8*w**2 + 2*w - 10. Calculate s(8).
6
Let x(p) = p**2 + 3*p + 32. Determine x(0).
32
Let b(m) = -m**2 - 11*m + 2. Calculate b(-10).
12
Let v(n) = n**3 - 6*n**2 - 3*n + 9. Calculate v(6).
-9
Let p(n) = -3*n - 7. Calculate p(-3).
2
Let b(u) = 43*u**2. Calculate b(-1).
43
Let l(r) = -r**3 - 9*r**2 - 11*r - 5. What is l(-8)?
19
Let w(j) = -j**3 - 2*j**2 + 12*j + 4. Determine w(-5).
19
Let z(t) = -t + 6. Give z(-6).
12
Let a(c) = -3*c + 15. Calculate a(4).
3
Let y(b) = b**3 + 3*b**2 + 1. What is y(2)?
21
Let a(l) = l**3 + 3*l**2 - 10*l + 1. Give a(-5).
1
Let k(t) = -t**2 + 4*t + 9. Determine k(-2).
-3
Let a(c) = -c - 1. Give a(1).
-2
Let y(f) = -f**3 - 8*f**2 - 2*f. Give y(-7).
-35
Let m(z) = 91*z - 1. Calculate m(1).
90
Let m(n) = -n**3 - n**2 - 8*n - 5. Give m(0).
-5
Let q(k) = 53*k**2 - k. Determine q(1).
52
Let s(p) = -p - 5. What is s(4)?
-9
Let j(b) = b + 7. What is j(-6)?
1
Let o(i) = 7*i + 19. What is o(-20)?
-121
Let i(s) = -2*s + 66. Calculate i(16).
34
Let w(m) = 2*m**2 + 6*m. Determine w(-5).
20
Let h(d) = d**3 + 8*d**2 + 3*d + 4. Calculate h(-7).
32
Let k(b) = -5*b + 34. Give k(-4).
54
Let y(i) = 10*i - 2. Give y(3).
28
Let g(j) = j**2 - 14*j + 18. What is g(8)?
-30
Let m(z) = z**2 + 4*z + 17. Give m(0).
17
Let d(m) = -5*m**2 + 2. Calculate d(-2).
-18
Let r(b) = b**3 - b**2 + b - 1. What is r(3)?
20
Let t(c) = -c**2 - 5*c. Give t(-3).
6
Let v(k) = -k + 10. Determine v(9).
1
Let m(c) = c**2 + 13*c - 4. Determine m(-13).
-4
Let c(m) = -73*m - 10. What is c(1)?
-83
Let r(c) = -2*c**3 + 13*c**2 + 3*c + 25. Calculate r(7).
-3
Let w(c) = c - 17. What is w(6)?
-11
Let i(o) = 20*o + 1. What is i(5)?
101
Let o(d) = -d**2 - 3*d + 7. What is o(-6)?
-11
Let t(c) = -c**3 - 22*c**2 - 2*c - 35. What is t(-22)?
9
Let l(r) = r**2 + 21*r - 9. Calculate l(-19).
-47
Let z(q) = -q**2 - 21*q + 2. Determine z(-21).
2
Let z(d) = -d**3 + 20*d**2 - 33*d - 19. Calculate z(18).
35
Let h(t) = t**3 - 18*t**2 - 19*t - 17. Determine h(19).
-17
Let s(x) = -15*x - 2. Determine s(2).
-32
Let x(u) = -u**2 + 11*u - 13. Calculate x(10).
-3
Let k(b) = -b - 6. What is k(-3)?
-3
Let f(r) = 8*r + 4. Determine f(-10).
-76
Let n(p) = -28*p + 204. What is n(8)?
-20
Let j(p) = p**3 + 21*p**2 - p - 37. Determine j(-21).
-16
Let i(r) = r**3 + 6*r**2 - 15*r + 22. Determine i(-8).
14
Let f(v) = 3*v - 97. Calculate f(25).
-22
Let g(u) = -5*u**2 - u. Calculate g(1).
-6
Let b(x) = -x**2 - 5*x + 1. Determine b(-6).
-5
Let p(f) = 3*f. Determine p(9).
27
Let t(s) = -10*s - 6. What is t(2)?
-26
Let c(n) = -3*n - 90. Calculate c(-31).
3
Let t(b) = 33*b - 328. Determine t(10).
2
Let j(u) = 21*u + 15. Determine j(-5).
-90
Let a(h) = -35*h + 56. What is a(4)?
-84
Let v(f) = -32*f + 1. Determine v(-1).
33
Let v(m) = -10*m - 7. Calculate v(6).
-67
Let a(k) = 6*k. Calculate a(-2).
-12
Let w(o) = -o**2 + 14*o - 1. Give w(11).
32
Let t(y) = -2*y**3 + y - 3. Calculate t(-2).
11
Let b(j) = -6*j**3 - j**2 + 5*j + 3. Give b(-2).
37
Let o(f) = f**2 - 23*f + 34. Calculate o(14).
-92
Let o(w) = 9*w**2 - 1. Determine o(-2).
35
Let u(g) = -g**3 - 19*g**2 + 8. Give u(-19).
8
Let q(r) = 2*r**2 - 7*r + 7. Calculate q(5).
22
Let b(l) = l**3 - 6*l**2 - 10*l + 13. Determine b(7).
-8
Let f(u) = -14*u**3 - 2*u**2 - u + 2. What is f(1)?
-15
Let f(a) = -a + 3. Give f(-13).
16
Let s(i) = i**3 + 20*i**2 + 7*i - 217. Calculate s(-19).
11
Let u(z) = 2*z**2 - 25*z - 36. What is u(14)?
6
Let t(x) = 12*x**2 - 5*x + 6. Calculate t(2).
44
Let t(b) = -b**2 - 17*b + 15. Determine t(-17).
15
Let y(x) = -x**2 + 9*x. Determine y(6).
18
Let q(i) = i**3 + 6*i**2 + 5*i + 13. What is q(-6)?
-17
Let w(b) = -9*b - 27. Calculate w(-3).
0
Let a(z) = 150*z + 757. Calculate a(-5).
7
Let n(p) = -2*p + 28. What is n(0)?
28
Let g(y) = y**2 - y - 9. Calculate g(0).
-9
Let g(a) = a**2 - 5*a. Give g(4).
-4
Let k(q) = 2*q - 4. Determine k(1).
-2
Let v(o) = 4*o**2 - 27*o - 84. What is v(9)?
-3
Let n(z) = 2*z**2 + 67*z + 117. Calculate n(-32).
21
Let i(y) = -75*y**2 + 17*y - 16. Calculate i(1).
-74
Let y(u) = -4*u - 70. Determine y(-12).
-22
Let j(a) = a**3 - 7*a**2 - 2*a + 5. Give j(7).
-9
Let t(p) = 4*p - 14. What is t(6)?
10
Let m(c) = -c**3 - 14*c**2 - 25*c - 25. What is m(-12)?
-13
Let x(q) = -16*q + 711. Determine x(44).
7
Let a(u) = -18*u - 110. Calculate a(-6).
-2
Let x(o) = o**3 + o**2 - 2*o - 4. Determine x(0).
-4
Let y(i) = 4*i + 7. Determine y(1).
11
Let n(i) = i**3 - 5*i**2 + i - 2. Determine n(4).
-14
Let z(j) = -3*j**2 - 3*j - 4. Give z(3).
-40
Let x(l) = 3*l + 1. Give x(-4).
-11
Let j(n) = -2*n - 18. Give j(-8).
-2
Let t(j) = -j**2 + 9*j + 13. Calculate t(10).
3
Let f(q) = q**2 - 6*q + 6. What is f(7)?
13
Let h(t) = 2*t**2 + 79*t + 47. Calculate h(-39).
8
Let f(m) = m**3 + 15*m**2 - 19*m - 9. What is f(-16)?
39
Let r(h) = -h**3 + h**2 - h - 2. Determine r(-1).
1
Let k(g) = -g**3 + 12*g**2 + 2*g + 29. What is k(12)?
53
Let f(j) = 5*j**2 + 240*j + 240. Give f(-1).
5
Let x(d) = -d**3 + 3*d**2 + 4*d - 5. Determine x(4).
-5
Let i(o) = -o**2 + 21*o + 48. Determine i(20).
68
Let o(n) = -4*n - 31. Determine o(-10).
9
Let w(y) = -2*y**2 + 5*y - 3. Give w(3).
-6
Let j(t) = -t**2 + 15*t - 58. Determine j(13).
-32
Let i(y) = y**3 + 3*y**2 - 2. Give i(2).
18
Let r(v) = 2*v**2 + 4*v - 4. Give r(3).
26
Let m(j) = -j**3 + 6*j**2 - 6. Calculate m(5).
19
Let s(m) = -33*m - 198. Determine s(-6).
0
Let y(o) = -o**2 - 208*o - 821. Calculate y(-4).
-5
Let s(q) = q**2 + 2. What is s(4)?
18
Let p(g) = -20*g**2 - 11*g - 36. Give p(-3).
-183
Let l(y) = 12*y**3 + 2*y**2 - 4*y + 5. Give l(2).
101
Let b(r) = r**3 - 6*r**2 + 4*r + 1. Give b(5).
-4
Let s(w) = -3*w + 12. Give s(8).
-12
Let h(y) = y**2 - 5*y - 27. What is h(8)?
-3
Let p(t) = 6*t + 67. Give p(-10).
7
Let o(f) = -2*f + 11. Give o(15).
-19
Let d(s) = -s**2 - 14*s - 15. Calculate d(-13).
-2
Let s(u) = -2*u**2 - 3*u + 8. Calculate s(3).
-19
Let l(b) = 2*b - 4. Give l(-11).
-26
Let a(z) = -z**2 - 8*z - 5. What is a(-6)?
7
Let j(a) = -a - 14. Calculate j(-16).
2
Let k(y) = -y**3 - 10*y**2 + 13*y + 125. Determine k(-10).
-5
Let t(r) = -3*r**2 - 12*r - 1. Determine t(-6).
-37
Let t(j) = -j**3 + j**2 - 4. Give t(-2).
8
Let z(q) = -3*q**2 - 5*q - 4. What is z(-1)?
-2
Let o(s) = 17*s**2 - s - 2. Give o(-1).
16
Let l(a) = a**2 - 23*a + 153. Determine l(10).
23
Let b(z) = -z**2 - 9*z + 2. Calculate b(-9).
2
Let b(x) = 20*x + 24. Give b(-3).
-36
Let y(j) = -j**2 + 7*j - 4. Give y(5).
6
Let y(w) = -6*w. Calculate y(-5).
30
Let r(n) = -n**2 - 27*n - 5. What is r(-27)?
-5
Let z(m) = -3*m**2 + 5*m + 2. Calculate z(5).
-48
Let l(i) = -i**2 + 8*i + 5. Give l(6).
17
Let d(r) = -r**3 + r**2 - r + 211. Calculate d(0).
211
Let k(m) = -m**3 - 5*m**2 + m - 1. What is k(-5)?
-6
Let f(g) = -g**3 - 14*g**2 - 11*g + 10. Determine f(-13).
-16
Let j(r) = r**3 - 24*r - 52. Determine j(-3).
-7
Let v(u) = u**2 - u - 59. Determine v(0).
-59
Let s(h) = -h**3 - 17*h**2 - 3*h - 17. Give s(-17).
34
Let p(v) = -2*v - 24. Give p(-9).
-6
Let y(r) = 36*r + 353. Give y(-10).
-7
Let h(a) = a**3 + 8*a**2 + 18*a + 9. Calculate h(-3).
0
Let b(y) = y**2 - 17*y - 36. Calculate b(21).
48
Let u(g) = -g**3 + 6*g**2 + 8*g + 5. Determine u(6).
53
Let o(d) = d**2 + 7*d + 10. Determine o(-4).
-2
Let t(m) = -m**2 + 14*m + 10. Give t(13).
23
Let w(j) = -5*j - 6. Give w(-4).
14
Let a(c) = -c**3 + 13*c**2 - 40*c + 10. Determine a(8).
10
Let c(w) = -w**2 - 28*w - 93. Determine c(-24).
3
Let r(x) = -2*x**3 + 12*x**2 - 7*x + 12. What is r(5)?
27
Let c(u) = 4*u + 33. Give c(21).
117
Let n(k) = 3*k**2 - 9*k + 11. Give n(2).
5
Let o(q) = q**2 - 27*q + 175. Calculate o(17).
5
Let x(z) = 4*z + 12. What is x(-3)?
0
Let t(w) = -16*w - 1. Calculate t(1).
-17
Let l(h) = 6*h - 1. Calculate l(1).
5
Let p(y) = -18*y + 33. Determine p(4).
-39
Let h(d) = 3*d**2 - 4. Calculate h(-2).
8
Let m(c) = -2*c - 4. Determine m(-1).
-2
Let u(q) = q**3 - 9*q**2 + q + 10. Give u(8).
-46
Let x(p) = 3*p. Give x(-8).
-24
Let o(j) = -j**3 + 9*j**2 + 10*j - 3. Calculate o(10).
-3
Let c(l) = -l**2 - 7